c be (-4)/(-12) + 53/3. Let v = t - c. Calculate the highest common divisor of v and 6.
6
Let f(k) = -13*k - 4. Let g be f(-4). Calculate the highest common divisor of 32 and g.
16
Let j = -89 + 93. Let g = -2 + 6. Calculate the greatest common factor of j and g.
4
Let b be (9/6)/((-6)/(-28)). Suppose 2*p - b - 9 = 0. Let u(f) = -f**2 + f + 4. Let l be u(0). Calculate the highest common divisor of p and l.
4
Let f be (-4)/(-5)*(7 - 2). Suppose b + 4 = 2, -f*w = -2*b - 12. Suppose -4*o = -2*o + 10, 2*l = w*o + 26. What is the highest common factor of 16 and l?
8
Suppose -10 = 5*v - 4*q, -2*v - 2*v - 4*q = -28. Let x be (-6)/4*(-8)/6. Suppose 0 = -r + 2 - 6, f + x*r = -6. Calculate the highest common factor of f and v.
2
Suppose -5*b = 2 + 3. Let v = b - -5. What is the greatest common factor of v and 10?
2
Let c be (6 - 30)*(-1)/3. Suppose -12 = -5*h + c. Suppose -h*z = -5*z + 20. What is the highest common divisor of z and 5?
5
Let s(k) = -3*k**2 - k - 10. Let n(y) = 7*y**2 + 3*y + 20. Let z(l) = 6*n(l) + 13*s(l). Let b be z(-5). Calculate the highest common divisor of 8 and b.
8
Let v(p) = 2*p - 5. Let a be v(4). Suppose -a*c + 30 = -0*c. Suppose -4*z - 60 = -3*g - 5*z, -z = -2*g + 40. Calculate the greatest common divisor of g and c.
10
Let h be 14*(2 + 9/(-6)). Let c = -14 + 23. Let r be 12/(-54) + 128/c. Calculate the greatest common factor of r and h.
7
Suppose 3*f - 5*s = 165, f - 3*s - 111 = -f. Suppose 0 = 2*t + 4*t - f. What is the highest common divisor of t and 110?
10
Let b be (-2)/8 - (-386)/8. Suppose 0 = 5*j + 113 - 173. What is the highest common factor of b and j?
12
Let d be (-4)/6 + 314/3. Let p = d + -72. Suppose p = 4*y - 0. Calculate the greatest common factor of 88 and y.
8
Let u be (0 - (0 + 1))/1. Let j be u + -1 + 11 - -1. Suppose -5*n + 30 = -j. Calculate the greatest common factor of n and 64.
8
Suppose -12 = -3*q - 4*y, -q - 16 = -5*q - 5*y. Suppose q*d = -d + 180. Calculate the greatest common factor of 54 and d.
18
Let p(t) = t + 50. Let y be p(-4). What is the highest common factor of 230 and y?
46
Let q = 43 - 30. Let c = -166 - -98. Let d = c + 107. Calculate the highest common factor of d and q.
13
Let s = -32 + 1. Let q = -19 - s. Calculate the greatest common factor of 24 and q.
12
Let h(r) = -5*r - 15. Let q be h(-6). What is the highest common factor of 3 and q?
3
Let l(u) be the third derivative of -2*u**2 + 0*u + 0*u**3 - 5/24*u**4 + 0 + 1/20*u**5. Let i be l(7). Calculate the greatest common factor of 16 and i.
16
Suppose -47*k + 52*k - 5 = 0. Calculate the greatest common factor of 7 and k.
1
Let n(o) = -o**3 - 14*o**2 - 19*o + 2. Let a be n(-13). Let h = -2 + -4. Let j = h - -16. Calculate the greatest common divisor of j and a.
10
Let o(y) = y**2 - 4*y. Let r be o(7). Let s = -27 - -40. Let a = 1 + s. What is the greatest common divisor of r and a?
7
Let b = -14 - -37. Suppose -2*h + b = -4*l - 1, -4*h - 4*l = 0. Calculate the highest common divisor of h and 12.
4
Suppose 2*l - l + 1 = 0. Let j be ((-2)/(-6))/(l/(-9)). Suppose 4*b - 7 = 1. What is the highest common factor of b and j?
1
Let o(q) = 2*q**2 - q - 4. Let i be o(-2). What is the greatest common factor of 18 and i?
6
Suppose -5*o + 198 = -3*o. Let x(n) = -4*n + 5. Let g be x(-1). What is the greatest common factor of o and g?
9
Let m(n) = -n**3 + 8*n**2 + 6*n - 3. Let p be m(6). What is the greatest common divisor of p and 21?
21
Let v be 21/2 - (-3)/(-6). Suppose 12 = -l + 82. What is the highest common factor of l and v?
10
Suppose 0 = l - 3*l + 8. Suppose -v - l*v = 0. Suppose 5*f - 180 = -v*f. What is the greatest common factor of f and 24?
12
Suppose 5*d = 2 - 12. Let o(f) = -3*f - 3. Let p be o(d). What is the greatest common factor of p and 6?
3
Suppose 65 = 3*y + 5. What is the highest common divisor of 10 and y?
10
Let w = -6 - -7. Let y be -25 - (w + (-3)/3). Let r be y/(-1*(2 - 1)). What is the greatest common divisor of 5 and r?
5
Let f be 6235/58*4/10. What is the highest common divisor of 172 and f?
43
Let q be (-1)/((-1)/(-72)) + -2. Suppose -5*m - 3*t = -113, 30 + 29 = 3*m + 4*t. Let p = m - q. Calculate the greatest common divisor of 9 and p.
9
Suppose 6 = -5*a + 31. Calculate the highest common factor of 65 and a.
5
Let c be 2 - (1 + (3 - 1)). Let d be (c/(-1) + 3)*2. Suppose -2*k = -d, -3*k = -3*f + k + 104. Calculate the greatest common divisor of f and 10.
10
Suppose -4*f = 0, 0*s + s + 30 = -4*f. Suppose 5*t + 3*l - 390 = 0, -4*t + 3*l + 0*l = -285. Let y = t + s. What is the highest common divisor of 5 and y?
5
Suppose 9 + 11 = w. Suppose -4*a = -0*a - w. Suppose 0 = 4*l - 2*l - 4, -4*n - a*l = -34. What is the greatest common divisor of n and 6?
6
Let g(y) = y**2 + 6*y + 18. Let m be g(-14). What is the greatest common divisor of 26 and m?
26
Suppose 2*k - 10 = 0, -4*k - 46 = -m - 0*k. Let n be 444/22 + (-12)/m. Calculate the highest common divisor of n and 20.
20
Let v(l) = -2*l + 37. Let t be v(3). What is the greatest common factor of 341 and t?
31
Let i = 3 - 2. Let a be (-207)/18 + 1/(-2). Let s be -1*(2 + i*a). What is the highest common divisor of s and 90?
10
Suppose 2*u = 28 + 8. Calculate the greatest common factor of u and 18.
18
Let q = 4 - 2. Suppose -2*n + 24 = q*n. Calculate the greatest common factor of n and 18.
6
Let f be (2/(-3))/((-2)/72). Let h be -1*-10*3/(-6). Let b be ((-6)/5)/(2/h). Calculate the highest common factor of b and f.
3
Let k(x) = x**3 + x**2 + x + 6. Let r be k(0). Calculate the greatest common factor of 66 and r.
6
Let u be -8 - (4 - 1 - 2). Let y = 1 - u. Let i be (8/y)/(2/30). What is the greatest common divisor of 4 and i?
4
Suppose -t = -3 - 40. Let s = t - 23. What is the highest common divisor of 100 and s?
20
Let h be -5 - 0 - (-1 + -2). Let p(t) = -t**3 + t**2 - 1. Let o be p(h). Let j be (-1 - (-1)/2)*-154. Calculate the highest common divisor of o and j.
11
Let i(q) = q**3 + 8*q**2 - 2*q - 4. Let g be i(-4). Suppose 3*p = 4*d + g + 8, 10 = 5*d. What is the highest common factor of p and 7?
7
Suppose -2*y - 3*j + 8*j + 70 = 0, 105 = 3*y + 2*j. Let i be (0 + -2)*y/(-10). What is the highest common divisor of i and 77?
7
Let c be (-1 - 4)*(7 + -9). Calculate the highest common factor of c and 25.
5
Suppose 4*g - 4 - 24 = 0. Let y = 1 + g. What is the greatest common divisor of y and 1?
1
Suppose -2*p + 4*r = -p - 14, 110 = 4*p + 2*r. Suppose 0 = v - 2*f - 5, 55 = 28*v - 25*v + 4*f. Calculate the highest common divisor of p and v.
13
Suppose 0*g + 4*g = 3*k + 11, 0 = 4*k + 4. Let n be (-2 + -24)/(g/(-3)). Calculate the highest common divisor of n and 13.
13
Suppose 26 = 2*v + 18. What is the highest common factor of v and 14?
2
Let v(n) = -n + 1 + 0 - 3 + 1 - n**2 + n**3. Let s be v(0). Let f be (-2 - 3)*s*1. Calculate the greatest common divisor of 45 and f.
5
Suppose -2*v - 134 = -t - t, -3*t - v + 221 = 0. Suppose -17 = -4*y - 5*p, -5*y + 4*p - 11 + 63 = 0. What is the greatest common factor of y and t?
8
Suppose 18 = 5*r + 3. Suppose 2*a - 146 = -4*w, r*a = 2*w + 3*w + 263. What is the greatest common factor of 54 and a?
27
Suppose 0 = -0*c - 5*c + 10. Suppose n + 4*j = -15, -c*n = -0*j + 5*j + 15. Let f = 95 + -40. Calculate the greatest common factor of n and f.
5
Let p = -11 - -5. Let u(g) = g**3 + 3*g**2 - g + 3. Let f be u(p). Let z be (-2)/(f/(-105) - 1). What is the highest common factor of 7 and z?
7
Suppose -2*d = -2*f - 26, d = 5*d - f - 52. What is the highest common factor of 65 and d?
13
Let c(a) = 15*a - 5. Let o be c(7). Suppose 4*q - 2*q - o = 0. Calculate the greatest common factor of q and 20.
10
Let h be 11 + (-3 + 3)/1. Let i be (10 - h)*11/(-1). What is the highest common divisor of i and 77?
11
Suppose 140 = 4*f - 20. What is the greatest common divisor of f and 40?
40
Let g(j) = -j**2 + 7*j + 12. Let x be g(9). Let q be 18/8 + x/24. Suppose i + q*i = 144. What is the greatest common factor of i and 8?
8
Let t(d) = -d - 5. Let g be t(-9). Suppose g*h + 8 = 5*h. What is the greatest common factor of h and 72?
8
Let a(h) = -h**2 + 11*h + 22. Let z be a(12). Suppose -5*g + 10*g = 550. What is the highest common factor of z and g?
10
Let q be 25 + -2 - (-8)/4. Calculate the highest common factor of q and 25.
25
Suppose 0 = -w - x + 2 + 2, 2 = x